- 1. Let t be p(-1). What is the greatest common factor of r and t?
3
Suppose 3*z = 4*z - 4, 22 = v + 5*z. Suppose 4*s - v = 58. Calculate the greatest common factor of 105 and s.
15
Let c be (-1533)/105 + 6/10. Let l(i) = 2*i + 50. Let v be l(c). What is the highest common factor of 242 and v?
22
Suppose 11*j = -11*j + 528. Calculate the highest common factor of j and 2.
2
Suppose 5*w - 139 = 296. Suppose -3*j = w - 402. Let q = 175 + -133. Calculate the highest common divisor of q and j.
21
Let w = 5 - 2. Suppose -5*o + 90 = -3*l, -4*l = o - 2*l - 5. Suppose -189 = -o*r + 8*r. Calculate the highest common divisor of r and w.
3
Let b = 32 + -22. Suppose -9 + 0 = -3*d. Suppose -d*z + s + 13 = 2*s, -5*z - 5*s = -25. What is the greatest common divisor of z and b?
2
Let m = -124 - -196. Suppose -j = 2 - 4, -m = -z + 4*j. Suppose 20 = d - z. What is the greatest common factor of 20 and d?
20
Let x(r) = 45*r - 147. Let f be x(7). What is the greatest common divisor of f and 616?
56
Let c be (-308)/(-8) + (-2)/4. Suppose c = r + 11. Let v(w) = w**3 + 6*w**2 + 5*w - 3. Let u be v(-4). What is the highest common divisor of r and u?
9
Let w be 4/(-4) + 0/(-1). Let a be w + 45/5 - 0. Calculate the highest common factor of a and 56.
8
Let j = -15 + 16. Let p(m) = -m**3 + 2*m**2 + m - 1. Let a be p(j). Suppose a - 11 = -n. What is the greatest common factor of n and 110?
10
Let j be (-10 - -5 - -7)*21/2. Calculate the highest common factor of 105 and j.
21
Let s = 1797 - 1482. Calculate the highest common divisor of s and 165.
15
Suppose -3*y + 6 = 3*v, -y = -6*y - 10. Suppose 0 = -v*r + 8*r - 352. Suppose -5*l + p + 50 = -p, -35 = -5*l - p. What is the greatest common factor of l and r?
8
Suppose 5*y = 113 + 12. Suppose 0 = j + m - 220, 0 = 9*m - 4*m + y. What is the highest common divisor of j and 25?
25
Let q be -3 - -4 - (-114)/2. Suppose 77 = k - q. Let x be (k/6)/5*4. What is the greatest common divisor of x and 54?
18
Let n be 4/(1*(-4)/(-6)). Let c(t) = 25*t - 509. Let a be c(23). What is the greatest common divisor of a and n?
6
Suppose d + m - 4 = 0, -32 = -3*d + m + m. Suppose -z + d = 2*u, -u = 2*z + 1 + 1. Calculate the highest common divisor of 18 and u.
6
Let m(q) = 6*q**2 - 4*q + 4. Let z = -41 - -27. Let j = z - -18. Let b be m(j). Calculate the greatest common divisor of 12 and b.
12
Let f be 819/36 - (-3)/(-4). Let r be f/6 - (-2)/(-3). Let o(i) = i**3 - 2*i**2 - i. Let s be o(r). Calculate the greatest common divisor of 54 and s.
6
Let u = -86 - -94. Calculate the greatest common divisor of u and 200.
8
Suppose -3*w = -33 + 9. Suppose w*y = 2*y + 756. Calculate the greatest common divisor of 14 and y.
14
Suppose 0 = 3*n + 3*k - 39, -4*n = -2*n + 3*k - 30. Suppose -5*g + 2*f = -13, 3*f = -4*g + 3*g + 6. What is the greatest common factor of g and n?
3
Suppose 106 = 4*q - 30. What is the greatest common divisor of q and 153?
17
Let t(r) = -2*r**2 + 32*r - 102. Let n be t(9). What is the greatest common divisor of n and 168?
24
Let h = -4 - 0. Let u be (1 + -11)*h/10. Suppose u*l + 8 - 64 = 0. What is the highest common factor of 112 and l?
14
Suppose 6*w - 4*w = 114. Let g(o) = -6*o. Let f be g(-1). Suppose 2*k = 4*k + f, -5*k + 23 = j. What is the highest common divisor of j and w?
19
Let o be 2/(80/1845) + 1/(-8). Let c = o - 20. What is the greatest common divisor of c and 208?
26
Suppose 3*b + 4*b = 1344. Suppose d = -3*d + b. What is the highest common divisor of d and 6?
6
Let y = -16 + 37. Suppose 37 = s - 5*g - 152, 3*s = 5*g + 567. What is the highest common factor of y and s?
21
Suppose 4*d = y + 42, -2*d + y + 12 = -d. Let c = -31 + 141. What is the highest common factor of d and c?
10
Let h be (-666)/60 - 3/(-30). Let w be -2 + (-4 - h) - 3. Let c = 8 + -6. Calculate the highest common divisor of c and w.
2
Let l be 16/(-3)*12/(-8). Suppose 4*j + 24 = l*j. Let g be 8/16 + j/4. What is the greatest common divisor of g and 10?
2
Suppose 4*p = -i + 45, -2*i + 3*i = 5*p. What is the greatest common divisor of i and 55?
5
Let b be (-1 + 2)*8/20*5. Suppose 0 = -2*y - 2, -b*y - 2*y - 36 = -4*p. What is the greatest common divisor of p and 12?
4
Let a(c) be the second derivative of 1/3*c**3 - 25/2*c**2 + 5*c + 0. Let t be a(17). Calculate the greatest common divisor of t and 27.
9
Suppose 6*p = 3*p. Let s(i) = i + 64. Let l be s(p). Suppose -38*n = -43*n + 40. Calculate the highest common factor of l and n.
8
Let n = -76 + 163. Suppose -4*b = n - 407. Suppose -4*i + 0*r = 4*r - 304, -i = 2*r - b. Calculate the highest common factor of 9 and i.
9
Suppose 21 = -a + 5*w, 3*w = -0*a + 5*a - 5. Let z be 1/(-2) + a + (-915)/(-6). Calculate the highest common divisor of 12 and z.
12
Let b(z) = 3*z**2 - 8*z - 10. Let h be b(-4). Let g be 2/(-6)*(7 + -10). Let x be 10 - 0 - (g - 1). Calculate the greatest common factor of h and x.
10
Let f = 2 + -10. Suppose -76 = 2*a - 6*a. Let u = a + f. What is the highest common factor of 11 and u?
11
Let j = -22 + 34. Let k(w) = -68*w - 4. Let b be k(-2). What is the greatest common divisor of j and b?
12
Let j be (22/(-3))/(-5*12/1710). Let g = -31 + 50. What is the highest common divisor of g and j?
19
Let m = 312 + -208. Let z = -17 - -21. Suppose m = 8*y - z*y. Calculate the greatest common factor of y and 130.
26
Let l = -46 + 51. Suppose l*n + 2*g - 255 = 4*g, -5*n + 5*g = -270. What is the highest common factor of n and 7?
7
Suppose -5*u = -5, 2*x + 3*u - 2 = 273. Calculate the highest common divisor of 119 and x.
17
Let o(a) = -5*a**2 + 33*a + 25. Let u be o(7). Suppose -s = 3*y + y - 24, -s = -4*y - 64. What is the highest common factor of u and s?
11
Let a = 14 + -11. Suppose a*y = 6*y - 5*b + 12, b = 5*y - 2. What is the greatest common divisor of y and 3?
1
Suppose -4*k - 3*f + 13 = 0, 2*k - 11 = -f + 4*f. Let j(v) = 3*v**2 + v - 1. Let n be j(k). What is the highest common factor of 204 and n?
51
Suppose -c = 6 + 9. Let p be 5/c*(-27 - -3). Suppose 1 = -m, m = -2*a - 0*a + 23. Calculate the highest common factor of a and p.
4
Let s(h) = h**2 + 10*h - 9. Let u be s(-12). Calculate the highest common divisor of u and 15.
15
Let l be 3 - ((-1 - -4)/3)/1. Suppose 0 = -l*s + 79 + 231. What is the greatest common factor of s and 31?
31
Suppose -171*d + 169*d + 1978 = 0. What is the highest common divisor of d and 23?
23
Let h = -23 - -35. Suppose 25*l - 1654 = 446. What is the greatest common divisor of h and l?
12
Let b(n) = 21*n**2 - 57*n + 42. Let c(t) = 3*t**2 - 8*t + 6. Let q(j) = -2*b(j) + 15*c(j). Let l be q(2). What is the greatest common factor of 15 and l?
3
Let p = 352 - 328. What is the greatest common factor of p and 84?
12
Suppose -3*k + 112 + 36 = -2*g, 3*g = 4*k - 198. Suppose -5*o + 172 = 4*m, o - 4*m - 7 - 13 = 0. Calculate the highest common divisor of o and k.
16
Let q(v) = -v**2 - v - 9. Let m be q(0). Let p = m - -13. Suppose -4*b = -5*k - 278, b - p*b + 206 = -5*k. Calculate the highest common factor of b and 18.
18
Let g(y) = y**2 - 12*y + 51. Let t be g(23). Calculate the greatest common divisor of 48 and t.
16
Let f(v) = -v**2 + 12*v - 2. Let y(t) = 11*t. Let k be y(1). Let w be f(k). What is the highest common factor of 27 and w?
9
Let u(f) = -5*f**2 + 2*f - 3. Let h(j) = -j**2 - j. Let l(k) = 4*h(k) - u(k). Let q be l(4). Let x = q + 9. What is the highest common factor of 4 and x?
4
Let k be (-7*6/(-21))/(1/(-31)). Let w = 70 + k. Calculate the greatest common divisor of 64 and w.
8
Let i(k) = -83*k - 54. Let z be i(-13). Calculate the greatest common factor of z and 41.
41
Let n(k) = -2*k**2 - 87*k - 186. Let o be n(-38). What is the greatest common factor of o and 8?
8
Suppose 2*z = 5*d - 174, -4*d = 4*z - 5*z - 141. Calculate the greatest common divisor of d and 204.
12
Suppose 2*b + 5*q - 11 = 0, 6*b + 3*q = 8*b - 3. What is the highest common divisor of b and 543?
3
Let a(t) = 2*t. Let y be a(1). Suppose 3*x = 3, 5*x = y*u + 5 - 0. Suppose -5*o + u*o = -425. What is the greatest common divisor of 17 and o?
17
Suppose 10*m - 281 = -161. What is the highest common divisor of m and 78?
6
Suppose 3*t = -n + 288, -33*t - 288 = -36*t + 4*n. Calculate the greatest common factor of 480 and t.
96
Suppose -9 = -4*o + 35. Suppose 0 = 3*u - 2*k + o, 3*u + 8 - 2 = -3*k. 